 42 + -96 + (73 - 33)?
-14
What is (-33 + 21 - -21) + (12 - -1) + -4?
18
What is the value of (5 - 11) + 5 + (45 - -67 - -14)?
125
Evaluate -1 - 10 - (3 - 80).
66
(101 - 178) + 109 - -32
64
(-34 - -41 - (-15 - -39)) + 72
55
74 - (144 + -33) - (-49 - -3)
9
(-3 - (7 - (0 + 12))) + -128 + -3 - -11
-118
Calculate (-7 - -6 - -1 - 23) + (-6 - -19 - 5).
-15
What is the value of 12 + -14 + 8 - (31 - (-29 + 48))?
-6
What is -18 + 23 + 34 + -6 + 0?
33
What is -19 + 1 + (-57 - (-404 - -244))?
85
What is (16 + -2 - (-244 - -235)) + -147 + -3?
-127
Evaluate -1777 + 1669 + 15 + 2.
-91
Evaluate (5 - -5) + 36 + 5 + -9 - -1.
43
What is -96 - (-156 + 78) - (-1 + -59)?
42
What is 77 + (2 - 2) - (-247 - -235)?
89
What is the value of 59 + (7 - (53 - (-11 - -33)))?
35
Calculate -12 - (5 - (52 - ((4 - -2) + 16 + -32))).
45
-14 - (1 - 0 - (-83 - -85) - (3 + 8))
-2
What is the value of 4 + -30 - (19 + (-68 - -27))?
-4
Evaluate -61 - (46 + -31 - (-1 - -6 - -9)).
-62
(30 - (4 - (48 + -40))) + 57
91
(78 - 64) + (8 - 18) - (-2 - 13)
19
Calculate ((-11 - -22) + -44 - -26) + -17.
-24
What is the value of -1 - (10 - 13 - (-4 - -54) - (-5 + -3))?
44
Evaluate 39732 + -39728 - (-1 + (3 - 1 - -4)).
-1
Evaluate -60 - (7 + (-12 - 25) + 18 - -11).
-59
Evaluate -7 + 8 + (-15 - -12) + -13 + -83.
-98
What is 7 - (0 + 5 - 17) - 1?
18
What is 20 - (17 + 54) - (38 + -20 - 15)?
-54
What is the value of 7 + 23 + 3 + (122 - 88)?
67
-28 - (-58 + 47) - 17
-34
Evaluate (-2 - (91 + -2)) + -1513 + 1535.
-69
What is -43 - (-2 + 9 - (24 + (14 - -5 - 50)))?
-57
What is (0 + -10 - -12) + (-1 + -2 - -11)?
10
What is (12 - 13 - 1) + (-20 - 8) - 1?
-31
What is (38 - -3) + (24 - (-61 + 95))?
31
Evaluate 22 - (-114 + (-74 - -69)).
141
-13 + 1 - (2 + 62 - (-1135 - -1263))
52
Calculate -2 - -26 - (33 - 3 - -16).
-22
Calculate (-10 + 1 - -128) + (-11 + 9 + -16 - -7).
108
-1 + -33 + (1518 - 1523)
-39
Evaluate (-14 - 4) + -31 + (-4 - -14).
-39
Evaluate -2 + 8 + -2 + (97 - 53) + 18.
66
What is -63 - -50 - ((3 - 0) + 48 + 0)?
-64
What is (4 - -2) + 8 - (33 - 18 - 111)?
110
What is (8 - (1 + 6) - (36 + -23)) + -5?
-17
What is -27 + (-30 - (51 + -135))?
27
Calculate (26 - (-17 - 0)) + -27.
16
What is the value of (2 - 48) + (97 - (-49 + 154))?
-54
Evaluate -44 + 15 + -28 + (9 - -8).
-40
-2 + (-38 - -48) + -53
-45
What is -492 - -511 - (1 + 42)?
-24
What is the value of -67 + 77 - (-5 + 46 + (-1 - 4) - 2)?
-24
Calculate 4 - 18 - (-62 - 10 - (-5 - -15)).
68
1172 + -1165 - (-36 + -6 + 5 + 2)
42
Calculate -30 - -40 - (-1 - (-132 - (-1 - (3 - -5)))).
-112
What is 32 - (40 + 3 + -43)?
32
Calculate -647 + 605 + -1 + 56.
13
What is the value of -30 - -36 - (59 + -43)?
-10
Calculate -7 - ((15 - (-16 + 22)) + 45).
-61
What is 22 + -18 + 11 - (-43 + 23 - 52)?
87
Evaluate -434 + (989 - 536) - (9 - (-1 + 2)).
11
What is -12 + 13 + 3 + 17 + (-18 - (3 - 0))?
0
Calculate 9 + (1 - (3 + (6 - 18) + 12 + 8)).
-1
Evaluate (24 + -10 - 36) + 35 + -20 - (-79 - -1).
71
Calculate -11 + 6 + -3 - (-196 - -217) - -16.
-13
(-11 - 2) + (-114 - (-9 - (25 - 15)))
-108
Evaluate -10 + -29 + 18 + 31 + (7 - (-2 - -1)).
18
Evaluate -8 - 26 - ((-12 + 8 - -2) + 0 + -9).
-23
Calculate (50 - 74) + 23 + 121 + (-1 - 16).
103
What is (25 - 17) + 15 + (-7 - 92)?
-76
What is -3 + -12 + 30 + 13 + 29 + -47?
10
What is (8 - (-1 - 11 - (-16 - -27))) + 6?
37
-23 + 36 + -1 + -8 - -50
54
What is the value of (0 - 8 - -5) + (-3 - 11) + -44?
-61
-11 + -14 + 12 + (-12 - 30)
-55
Evaluate 51 + (-162 - -101 - 51).
-61
Evaluate 132 + -145 - (-53 - 6).
46
Evaluate (-6 - (7 + 3)) + 66 + -143 - -17.
-76
(22 + 39 - 146) + 0
-85
What is the value of -61 - (34 - 74 - -11) - 51?
-83
Calculate (76 - 6) + (23 + -21 - (17 + -5)).
60
66 - -1 - 0 - (610 + -299 + -298)
54
Calculate -11 + 10 - (-2 - -4 - (-1 + -3 - 10)).
-17
What is (1 - (3 + -1) - (-24 + 25)) + -25?
-27
What is the value of -4 - ((0 - (2 + (10 - 16))) + 37 + 2)?
-47
Evaluate (-315 - -313) + (-109 + -7 - -11).
-107
Calculate -67 - (-17 + (-31 - 13)) - (0 + 121).
-127
What is 1 - -1 - (-10559 - -10510)?
51
-897 + 873 + 154 + 0 + (-3 - 0) + -4
123
Evaluate (-1 - -12) + 41 + -27 + -17 + 112.
120
What is the value of (4 - 8 - -17) + (-83 - (-51 - -39))?
-58
What is the value of -18 + -33 + 89 + -123 + -23?
-108
Calculate (-11 - -4) + 11 + -3 + 10 + -14.
-3
What is the value of 26 + (-10 + 27 - -27)?
70
(-52 - -45 - -137) + -55
75
What is the value of 31 + -1 - (-1469 - -1457)?
42
(1 - -51) + (-120 - -155 - (33 - -3))
51
-57 + (12 - 25 - -44 - 19)
-45
Calculate -25 - (27 + -22 + -28) - (60 + 0) - -9.
-53
What is the value of 4 - ((-58 - -9) + 22 - -4)?
27
Calculate -20 + 1 + (6 - 30 - -141).
98
What is (44 - (32 - (-33 + 42))) + -21?
0
What is the value of (-12 - (-9 - (3 + -3))) + 33 + -35?
-5
Calculate (21 - (1 - 0)) + -868 + 566 + 373.
91
Evaluate -142 + 123 + (32 - 3) + -81.
-71
Calculate -14 + (-10 + 24 + 4 - -20).
24
Calculate -2 - (-2 - (15 + -2 - -3) - (-2220 - -2225)).
21
Evaluate -3 - 7 - (24 + -28 + -6).
0
Calculate -135 + (269 - 136) - -24.
22
Calculate -74 + 46 + 63 + -21 - (3 + -1).
12
What is (-1 - (-1 - (2 - -9)) - 14) + -4 + -36?
-43
What is 1 + -21 + 184 + -177 + (-2 - 17)?
-32
What is 274 + -246 + (-31 - -9)?
6
What is the value of -7 + -6 + 8 + 2 - (116 + -127)?
8
6 + 7 + (6 - 18 - -19 - 20)
0
(15 - 4) + ((9 - 18) + 4 + 6 - 11)
1
3 + -34 + 20 + 6 + -15
-20
(-1 - -5 - -32) + (-204 - -199)
31
-12 - ((-8 - 10) + 25 - 49)
30
What is 175 + (47 - (-40 - -143))?
119
Calculate -54 + (0 - -42) - -38.
26
-26 + 1 + (-12 - ((-121 - -123) + 2 + -16))
-25
What is the value of 1 + -14 + -48 + 12 + 17 + 1 + -5?
-36
Evaluate 253 + -245 + 5 + (-45 - -1).
-31
What is the value of (84 - 11) + -18 - 4 - 12?
39
What is -1 + -27 - ((217 - 237) + -116)?
108
Calculate -31 - (-59 - 25) - 88.
-35
Evaluate -5 + ((1 - 8) + 6 - (1 + 2) - 1).
-10
Evaluate -2 - 33 - (-18 - (-9 + -16 + 2)).
-40
Calculate (1 - 3) + -12 - (46 + 4 + -59).
-5
What is the value of -73 - (52 + -20 - 34)?
-71
Evaluate -4 + -3 - (4 + -1 + 8 + 0 - 66).
48
Calculate -122 + 113 + (-204 - -103).
-110
Evaluate (58 - 0 - (2573 - 2540)) + (-22 - -1).
4
What is the value of (-42 - -134) + -142 + 0 + 9?
-41
What is the value of (-71 - -128 - 73) + (1 - 6)?
-21
What is (8 - 1) + (1 + -6 - (-607 - -615)) - 89?
-95
What is (97 + 39 - 36) + 44 + -22?
122
What is the value of (-7 - (-9 + 6)) + 12 + 2?
10
Evaluate 132 - 171 - (-6 + -32).
-1
-4 + (25 + -46 - -29 - -25)
29
Calculate (7 - (55 - 28)) + 24 + -29 + 0.
-25
-1 - -12 - (275 + -168 + -53)
-43
1898 - 1906 - (0 - -18) - -14
-12
What is -7 + -10 + -2 + (-24 - 13)?
-56
-64 + 30 + -59 - -42
-51
What is the value of (462 - 352) + 0 + -58?
52
Calculate (-8 - -1) + 1858 + -1814.
37
What is 6 - ((-34 - -99) + 12)?
-71
What is the value of -50 + 53 - -124 - 36?
91
Calculate -32 - -2 - (-5 - (-3 + 13 - 24 - -21)).
-18
What is 11 - (-27 + -79 + 73)?
44
(-54 - -63 - 62) + 61
8
Evaluate (-9 - 17) + 23 + -13 - (3 + 6).
-25
What is -131 - (34 - -2 - ((-29 - -64) + -11))?
-143
Calculate (-89 - -11) + 28 - -17.
-33
(-19 - -11) + (389 - 477)
-96
Calculate -9 - (28 + -9 - 43) - 5.
10
-27 + 29 - -98 - (-8 - (-3 - -3 - -5))
113
Calculate -1 - (-6 - 0) - (-1958 - -2000) - -10.
-27
-72 - (-31 - (-18 - -22)) - -14
-23
What is (5 - 0) + 355 + -346 + -5 + (5 - 3)?
11
Calculate (14 + -23 - -6) + -11 + -29 + -69.
-112
What is the value of (-34 - (-24 - -12 - -3)) + 2?
-23
What is (-13 - (16 - 2)) + (100 - 22)?
51
Calculate (-16 - (2 - 11)) + 9 - (-23 - (-2 - -3)).
26
What is -715 - -779 - (-2 + -3 - (-7 + 9))?
71
Evaluate 13 - (-1 + (-2 + (9 - 24) - -5)).
26
What is 3061 - 3097 - (-4 - 0 - 48)?
16
What is (52 - 5 - (-292 - -331)) + (0 - 77)?
-69
Calculate 54 - ((18 - 25) + 43).
18
Calculate (-24 - -2) + 92 + -92 + 66.
44
What is (82 + -160 - -101) + 0 + -29?
-6
What is -19 + (55 + 37 - 94)?
-21
Evaluate 88 - 5 - (18 - (-18 + 5 + 0 + 23)).
75
What is the value of -69 + -86 - -60 - -44?
-51
Evaluate 17 - ((11 - -4) + 3 - 42).
41
Evaluate (30 - (21 + 29)) + 18 + 7 + -1.
4
-2 + 12 + -12 + -16 + 42
24
7 - (84 + -53 + -19)
-5
What is 13 + (51 - (11 - (-5 - -8) - -10))?
46
((-13 - -33) + -6 + 13 - 16) + 86
97
Evaluate 38 + 15 - (-2 - -78).
-23
What is 703 + -623 + -170 + -6?
-96
Calculate (69 - -68) + (-39 - 4) + (0 - 21).
73
What is 16 + 4 + -2 + -